of z.
2, 5, 13
Let p(x) = x**2 - 6*x + 1. Let w be p(7). Suppose -2*c + w*c = 24. Suppose -2*q - c*o - o = -355, -4*q = -2*o - 674. What are the prime factors of q?
2, 5, 17
Let c be -3 + -3 - 8/8. Let y = c - -392. List the prime factors of y.
5, 7, 11
Let h(u) = 16*u**3 - u**2 + 5*u - 14. List the prime factors of h(8).
2, 3, 151
Suppose 3*d - 2348 = -m, 0 = 2*d + 2*m + 2*m - 1562. Let x = d + -439. Suppose -5*i = s - 272, 5*i - s = x - 76. What are the prime factors of i?
2, 3
Let q be (-21774)/(-33) - (-2)/11. Suppose 3*i - 455 = -2*u, 0*i + q = 3*u - 3*i. Let a = u - 156. List the prime factors of a.
67
Let n(r) = 116*r**2 - 3*r + 145. What are the prime factors of n(6)?
13, 331
Suppose -1251 = -5*h - 0*v + 3*v, 0 = -2*v + 6. Suppose h*l + 8246 = 259*l. What are the prime factors of l?
2, 19, 31
Let g(n) = -146*n**2 + 7*n + 5. Let k be g(-2). Let y = 186 - k. What are the prime factors of y?
19, 41
Suppose 10*w + 3*f = 56488, 3*w = 2*w + 4*f + 5623. What are the prime factors of w?
5647
Let g be (10 - -18) + (0/(-2) - 4). Suppose -g*k + 4200 = -0*k. List the prime factors of k.
5, 7
Let y(c) = -6*c + c**2 + 39*c - 26 - c. What are the prime factors of y(11)?
3, 149
Suppose -3*a = -2*i - 25379, 0 = 64*i - 66*i - 8. What are the prime factors of a?
3, 2819
Suppose -14*t + 12*t = -10, 0 = 5*u + 5*t - 60325. What are the prime factors of u?
2, 3, 5, 67
Suppose 0 = -3*x + 2*d - 37, -41 = 4*x - d + 15. List the prime factors of ((-438)/5)/(2/x).
3, 73
Suppose -3*k - 5*h - 2 = -3, -5*k + 9 = h. Suppose k*w = 49 - 353. List the prime factors of (14/(-4))/7*w.
2, 19
Let n(w) be the third derivative of w**6/120 - w**5/5 + w**4/24 - 11*w**3/6 - 14*w**2. Let h be n(12). List the prime factors of -2 + h + (53 - -1).
53
Let f(x) = 5480*x**3 - 2*x**2 + x + 5. What are the prime factors of f(2)?
3, 4871
Let r(v) = 163*v**3 - v**2 + 3*v - 1. Suppose x + 4*x - k - 30 = 0, -40 = -4*x + 4*k. Let d be -3 + x + -3 + 2. What are the prime factors of r(d)?
2, 41
Suppose -43*h + 45*h - 196 = 0. Let d = -167 + h. Let j = d - -115. List the prime factors of j.
2, 23
Suppose 22*h = 19*h + 1014. Suppose -4*o = 8, s - 3*o + 2*o = h. What are the prime factors of s?
2, 3, 7
Let z(b) be the second derivative of 143*b**4/4 + b**3/6 + b**2/2 - 5*b - 5. What are the prime factors of z(1)?
431
Let j(d) = 696*d - 944. What are the prime factors of j(20)?
2, 811
Suppose 0 = -o + 4*o + 378. Let h be 7/(o/(-1986)) - 1/3. Let n = -53 + h. List the prime factors of n.
3, 19
Suppose -41*p + 101*p - 948600 = 15*p. What are the prime factors of p?
2, 5, 17, 31
Suppose -4 + 56 = -4*v. Let p = 16 + v. Suppose 0 = -2*z + 10, p*w + 3*z = 114 + 36. List the prime factors of w.
3, 5
Let j = 4 + 1. Suppose 3*c = -b + 65, j*c + 0*c - 113 = 3*b. Suppose -c*a = -14*a - 216. What are the prime factors of a?
3
Let h(v) = 145*v + 622. List the prime factors of h(-3).
11, 17
Let n(z) = -2*z - 43. Suppose 25 = -2*a + 5*v, -a - 9 - 17 = 2*v. Let s be n(a). List the prime factors of ((-124)/s + (-2)/6)/1.
41
Let v(b) = -5*b - 51. Let j(m) = 8*m + 76. Let q(h) = 5*j(h) + 7*v(h). List the prime factors of q(9).
2, 17
Let t be -6*4/(16/6). List the prime factors of 15145/9 + t + (-166)/(-18).
3, 11, 17
Let p(b) be the second derivative of 13*b**4/12 + b**3/2 + 6*b**2 - 17*b. Let l be p(5). What are the prime factors of (3/(-2) - 0)*l/(-6)?
2, 11
Let u = -206 + 210. Suppose -3*d - 5*b + 304 = 0, 8*d - u*d + 5*b - 397 = 0. List the prime factors of d.
3, 31
Let l(g) = 111*g**2 - 8*g + 37. Let z be l(3). Let o = -671 + z. What are the prime factors of o?
11, 31
Let x(g) = 3*g + 4. Let f(j) = 5*j + 9. Let a(o) = 4*f(o) - 7*x(o). Let y be a(13). What are the prime factors of ((y + 35)/(-6))/((-1)/4)?
2, 5
Suppose -382*k - 95519 = -405*k. List the prime factors of k.
4153
Suppose 3*i + 1182 = 16*h - 14*h, 4*h - 4*i - 2360 = 0. Suppose h*q + 10670 = 599*q. What are the prime factors of q?
2, 5, 97
Let b = 24 - 0. Let w be (b/20)/((-3)/30*2). What are the prime factors of (w/9)/(4/(-1086))?
181
Let d(u) = u**3 - 28*u**2 + 7*u - 20. Let v be d(26). Let s = v - -2512. What are the prime factors of s?
2, 661
Let j = -80 + 85. Suppose f + 5*q = 407, -j*f + 5*q + 799 = -1206. Let g = f + -253. What are the prime factors of g?
149
Suppose 2*o + 2 = -4. Let h(c) = 1 - 2 - 5 + 8 - 38*c + 3. What are the prime factors of h(o)?
7, 17
Suppose 14*v + 18 = 23*v. Suppose 608 = 5*q - v*n, -2*q - 4*n + 42 + 206 = 0. List the prime factors of q.
2, 61
Suppose -2*o - 3*c = -1 - 1, 4 = -c. Suppose 0 = -o*w + 4*w + 1341. What are the prime factors of w?
3, 149
Let q = 38 - 36. What are the prime factors of ((-7)/21)/(q/(-684))?
2, 3, 19
Let a = 17594 - -13080. List the prime factors of a.
2, 7, 313
Let f = -249 + 237. What are the prime factors of (-5260)/f - 11/33?
2, 3, 73
Let d = 490 - 311. Suppose -2*c + 3*t + d = 4*t, 3*c - 286 = -5*t. List the prime factors of c.
3, 29
Suppose 5*k = 15, -3*k = -24*g + 22*g + 127911. List the prime factors of g.
2, 3, 5, 13, 41
Let j(r) = 4 + 5 - 297*r + 157*r. What are the prime factors of j(-3)?
3, 11, 13
Suppose -5*z = 2*m + 83564 - 281651, m + 198084 = 5*z. List the prime factors of z.
173, 229
Suppose 12*s + j = 8*s + 169152, 2*s = j + 84576. What are the prime factors of s?
2, 3, 881
Let z(q) = -q + 1. Let m(n) = 2*n**2 - 85*n + 25. Let u(c) = -m(c) + 2*z(c). List the prime factors of u(14).
3, 83
Let i = 47 - 55. Let j(s) = -s**3 - 6*s**2 - 17*s - 9. Let v be j(i). Suppose 5*z + v = 8*z. List the prime factors of z.
5, 17
Suppose -4*c + 322 - 334 = 0, -26 = -4*t + 2*c. Suppose -3*i + 3*m + 11 = -13, 0 = -i + 4*m + 14. Suppose -12 = -i*g + t*g. What are the prime factors of g?
2, 3
Suppose -4*n - f + 3113 = 0, -3*f + 3751 = 5*n - 128. List the prime factors of n.
2, 3, 5, 13
Suppose 42*c = 30*c + 22*c - 51740. List the prime factors of c.
2, 13, 199
Let i be (4/1 - 0) + 29. Suppose 2*h + h = i. Suppose -277 - h = -4*j. List the prime factors of j.
2, 3
Let t be 3/((-15)/20) - -6. Suppose 0 = 3*o - t*f - f - 444, 0 = -f. Suppose 4*r = -4*x + o, 2*x = 3*r - 3*x - 119. What are the prime factors of r?
2, 19
Let o = 13 - 10. Suppose -o*x + 125 = -1603. What are the prime factors of x?
2, 3
Let r = -46 + 49. Suppose -r*n + 1128 = 4*a - 2*a, -1119 = -3*n - 5*a. List the prime factors of n.
2, 3, 7
Suppose k - 29*o = -26*o + 40354, -161416 = -4*k - o. List the prime factors of k.
2, 20177
Let n = -4244 - -5114. What are the prime factors of n?
2, 3, 5, 29
Suppose 13 = 6*z - 7*z - 3*k, -z = -3*k - 11. What are the prime factors of 58 + 7 + -11 - z?
5, 11
Let i = 424 - 312. Let a = 595 - i. List the prime factors of a.
3, 7, 23
Suppose -6*w + 33018 + 6300 = 0. List the prime factors of w.
6553
Let r(u) = -u**2 - 11*u + 7. Let y be r(-9). Let n be (-129)/(-15) - 15/y. Suppose 4*z + 312 = n*z. What are the prime factors of z?
2, 3, 13
List the prime factors of (-5)/4*2/(-15) - (-1615387)/174.
2, 11, 211
Let x(z) = -z**3 + 5*z**2 - 3*z + 12. Let m be x(7). Let p = m - -111. Suppose -5*v + 1159 = -2*t, 4*t - 6*t + 938 = p*v. List the prime factors of v.
233
Suppose -11*u + 17160 = -0*u. Let l = u - 434. What are the prime factors of l?
2, 563
Let c(h) = -2*h**2 + 2. Let b(u) = 23*u**2 + 23*u - 33. Let t(g) = b(g) + 6*c(g). What are the prime factors of t(10)?
7, 11, 17
What are the prime factors of ((-60)/(-9))/((-18)/(-5805))?
2, 5, 43
Suppose -8*k + 28 = 4. Let r(i) = 9*i**3 - 3*i**2 + 5*i - 7. What are the prime factors of r(k)?
2, 7
Let u be 3 - (-1348)/15 - 10/(-75). Let i = u - -94. List the prime factors of i.
11, 17
List the prime factors of (((-30)/(-4))/(93/62))/(4/11784).
2, 3, 5, 491
What are the prime factors of (109 - 100) + (8954 - 2)?
3, 29, 103
Let x = -705 - 0. Let t = -393 - x. Let s = t - 170. List the prime factors of s.
2, 71
Suppose -13*p + 156541 = -7069 - 99484. What are the prime factors of p?
2, 3, 3373
Let m be (-13)/(-3) + (-5)/15. Suppose 0 = -3*x + 12, 0 = 5*u + m*x - 161 - 30. What are the prime factors of u?
5, 7
Suppose 0 = 2*p - 3*l + 138, 0 = -0*p - 4*p - 4*l - 316. Let o = 133 + p. What are the prime factors of o?
2, 29
List the prime factors of (15/2)/((-17874021)/406230 + 44).
5, 1231
Suppose -5*c = 3*f + 222, -f + 3*c - 370 = 4*f. Suppose -10*h - 4*y = -